 + 28/(c/(-1)). Let d(k) = -k**3 - 5*k**2 + k + 2. Let h be d(-6). What is the highest common factor of h and i?
16
Suppose -315 = -4*s - 59. Let b(f) = f**2 + 13*f. Let r be b(-7). Let x = s + r. Calculate the highest common divisor of x and 198.
22
Let b(n) = -2*n**2 - 5*n + 11. Let i be b(-7). Let p(v) = -6*v - 1. Let a be p(0). Let z = a - i. What is the highest common factor of 68 and z?
17
Let y = 154 + 234. Suppose 2016 - y = 4*u. Calculate the greatest common factor of 37 and u.
37
Let h(t) be the second derivative of t**4/6 - t**3/2 + 2*t**2 - 2*t. Let l be h(6). Let k = 3235 + -3206. Calculate the highest common divisor of k and l.
29
Let v be 669/3 - (29 - 11). Calculate the greatest common factor of v and 533.
41
Suppose -165 = -5*y - 5*m, 55*y + 408 = 66*y - 4*m. Calculate the greatest common factor of 372 and y.
12
Let m = 564 + -131. Suppose 3*c - 181 = -k + m, -3*k + 1826 = c. What is the highest common divisor of k and 76?
76
Suppose 4*o = o + 399. Let z(p) = p + 121. Let r be z(-14). Let l = 126 - r. What is the greatest common divisor of l and o?
19
Let u = -3957 + 4048. Calculate the greatest common divisor of u and 117.
13
Let u = -1560 - -3298. What is the greatest common factor of 316 and u?
158
Let v = 107 - 107. Suppose v = 9*x - 3*x - 1140. Calculate the greatest common divisor of 10 and x.
10
Let i be -33 + 36/(7 - 1). Let y = 26 - -5. Let k = i + y. What is the greatest common factor of 36 and k?
4
Let f(k) = -k**2 + 11*k - 5. Let d be f(10). Let t(w) = -w - 5 + 8*w - 3 - d. Let z be t(5). Calculate the highest common factor of z and 2.
2
Let n(m) = -m**3 + 3*m**2 + 5*m - 7. Let v be n(3). Let b be (10*12/(-8))/((-12)/v). Suppose b = l - 12. Calculate the highest common divisor of l and 33.
11
Let y = 194 - 202. Let k be (120/(y/4))/(-1). What is the greatest common factor of k and 15?
15
Suppose 5*i = -c + 9*i - 6, 3*c = 5*i + 17. Let y be -5 - (-9 + -6)/(-5) - -393. What is the highest common factor of y and c?
7
Let t be (12/(-20))/(5/25) - -7. Suppose p + 3*p - 2*q = 1270, -5*q - 1285 = -t*p. Let v = -163 + p. What is the greatest common divisor of 38 and v?
38
Let x = 22321 - 20485. What is the highest common divisor of 24 and x?
12
Suppose -3*v - 128 = -2*i, 2*i - 34*v - 122 = -30*v. Calculate the greatest common divisor of 7519 and i.
73
Let m = -120 + 217. Suppose 463 = -6*u + m. Let g = 105 + u. What is the greatest common factor of 4 and g?
4
Suppose -4*j = -3*l + 171, 295 = 2*l - 16*j + 101. Let x(c) = 2*c**3 - c**2 - 3*c - 2. Let h be x(4). What is the highest common divisor of l and h?
49
Let f(p) = -799*p - p**2 + 807*p + 2*p**2 - 1. Let k be f(-9). Suppose 3*u = 15, u + u = -2*o + 22. What is the highest common factor of k and o?
2
Suppose 8*w - 12*w = 2*r - 1802, -2*r + w = -1782. Calculate the greatest common factor of r and 133.
19
Let x be (7 - 18*(-14)/(-28))/(2/(-122)). Calculate the highest common divisor of x and 74.
2
Let x(p) = 5*p**2 - 4*p - 6. Let w be x(5). Let k = -167 + w. Let o = -41 - k. What is the greatest common divisor of 18 and o?
9
Let g be -4 - 9/((-54)/24). Suppose 3*m + h - 10 = 0, g*h + h - 4 = 0. What is the highest common divisor of 18 and m?
2
Let z = 1 + 4. Let u be ((-14)/(-4) + (12 - 16))/((-15)/150). Suppose 3*h - 301 = 5*c, u*c = z*h - h - 393. What is the greatest common divisor of 46 and h?
46
Suppose 1384*y - 29184 = 1320*y. Calculate the greatest common factor of 6232 and y.
152
Let n(b) = -2*b + 28. Let t be n(11). Suppose -5*j = -t - 29. What is the highest common factor of j and 399?
7
Let n(k) = -11*k**2 - 30 + 16 + 10*k**2 + 11*k. Let z be n(9). Let r = -5 - -10. Calculate the greatest common factor of z and r.
1
Let m = -43 + 26. Let y be (1 + m)/((-5)/60). Suppose 0 = 5*w, 0 = 2*r - 6*r + w + y. Calculate the highest common divisor of 16 and r.
16
Suppose -19 - 27 = -22*t + 42. What is the highest common factor of 478 and t?
2
Suppose 0 = -5*a + 6*a + 329. Let j = -275 - a. Calculate the greatest common divisor of 144 and j.
18
Let m be ((-5)/(-10))/((-2)/(-44)). Suppose 81 = m*h - 150. Suppose -32 = -n - h. Calculate the greatest common divisor of 44 and n.
11
Let g(s) = s**2 + 7*s + 5. Let d = -28 + 22. Let v be g(d). Let p be -7*((1 - 4) + v + 2). What is the greatest common divisor of p and 42?
14
Suppose -53*v + 58*v = -105. Let h = 9 - v. Calculate the greatest common divisor of 75 and h.
15
Let d = 3244 + -3176. What is the highest common factor of 391 and d?
17
Let g = -9459 + 9525. What is the highest common divisor of g and 2706?
66
Let a(i) = 16*i + 87. Let s be a(-39). Let o = -534 - s. Calculate the highest common factor of 1 and o.
1
Suppose -h = -k - 102 + 65, 3*k + 27 = h. Suppose 8*g - 70 = -5*c + 4*g, 2*c - 5*g = 61. What is the greatest common divisor of c and h?
6
Let q = 108 + -60. Suppose -r = -k + 15, 0 = -0*k + 2*k + 2*r - 38. Let d = k - 5. What is the highest common factor of q and d?
12
Let l be 3/24 + 6141/184 + (-15)/(-6). Suppose -28 = -c - 4. Calculate the greatest common divisor of l and c.
12
Let r(u) = u**3 + 15*u**2 - 17*u - 80. Let s be -15*(-9 + 6)/(-3). Let o be r(s). What is the highest common factor of o and 50?
25
Suppose -1807 = -10*m - 1777. What is the greatest common factor of 1347 and m?
3
Suppose -2*q - 82 = -i + 47, 0 = 2*i + q - 253. What is the highest common factor of i and 8?
1
Let u(l) = l**3 - 2*l**2 - 61*l + 222. Let g be u(26). What is the highest common divisor of g and 40?
20
Let v be (-67 + 3)*2/(-4). Suppose -6*k = -144 - 288. What is the highest common divisor of v and k?
8
Suppose 4*u = 92 + 12. Suppose 14*k = u*k - 264. Suppose -g = -2*z + 487, 0 = 5*z - 3*g - 2*g - 1225. Calculate the greatest common factor of z and k.
22
Suppose 5*u - 685 = -3*f, -300 = -5*f - 5*u + 835. Let a = f + -215. Calculate the greatest common factor of a and 45.
5
Suppose 662 = 4*h + 230. Let o be 160/((-4 + 6)/4). Suppose o = 13*a - 148. What is the highest common divisor of h and a?
36
Let i(m) = -m**3 - 5*m**2 - 11*m + 2. Let z be i(-2). Suppose 608 - 212 = z*q. What is the highest common factor of q and 231?
33
Let v be 2/(-3) + (6 - (-1220)/30). Suppose -2*r = -t - 99, -t - 2 = -r + v. What is the greatest common factor of r and 153?
51
Suppose -6 = 2*f - 8. Let j be (f/2)/(4/96*4). Suppose -17 - j = -2*o. Calculate the greatest common factor of o and 70.
10
Suppose 25*t - 27*t + 15292 = o, o - 4 = 0. What is the highest common divisor of t and 156?
156
Let m be (8 + (-11 - (5 + -9)))/((-1)/(-73)). Calculate the highest common factor of 657 and m.
73
Let u = -686 + 340. Let o = u - -608. Let i = o + -157. Calculate the greatest common factor of i and 42.
21
Let l be 9 + (-2 - -4 - (13 - 10)). Suppose 16 - 122 = -2*k. Suppose -3*c - c = y - 44, y - 5*c - k = 0. What is the greatest common divisor of y and l?
8
Suppose 3*j - 710 = 5*w, -128*j - 1166 = -133*j + 4*w. Calculate the greatest common factor of j and 370.
10
Suppose 758*z + 648 = 767*z. Suppose 22 + 5 = 3*l. What is the greatest common factor of z and l?
9
Suppose m - 16*m + 13680 = 5*m. What is the greatest common factor of 152 and m?
76
Suppose 2*h = 10, -m - 2*h - 74 = -3*m. Calculate the greatest common divisor of 28 and m.
14
Let k = -288 + 175. Let a = k - -117. Suppose 2*t - a*t + 42 = 0. Calculate the greatest common divisor of t and 84.
21
Let j = -56365 - -56615. Let y = -73 - -42. Let t = y - -131. What is the highest common divisor of j and t?
50
Suppose -2*z + 0 = -116. Let j = 111 - z. Let b be 5*((-3818)/(-36) + (-155)/2790). Calculate the highest common factor of b and j.
53
Suppose -4*n + 4*m + 684 = 0, 5*n = -m + 515 + 322. What is the highest common divisor of 525 and n?
21
Let j be ((-6)/(-51))/1 - 2989/(-1037). What is the highest common factor of 87 and j?
3
Let j(n) = 5*n**2 - 2*n - 1. Suppose -6 = 10*a - 13*a. Suppose -4*i + 6 = -a*i. Let h be j(i). Calculate the greatest common factor of 304 and h.
38
Let s(o) = 4*o + 53. Let y = 183 + -193. Let q be s(y). Calculate the greatest common factor of 117 and q.
13
Let k = 55 + -33. Suppose 3*j = -2*t + 10, 3*t - 3 = 6*j - 9. Calculate the greatest common divisor of j and k.
2
Suppose -4*p + 13 + 51 = 0. Suppose 0*w = -q + 5*w + 10, -4*w = p. Let u be 1/(4/q + 86/190). Calculate t